25
In base 10, what is 14869 - -3?
14872
In base 14, what is 34 - -2?
36
In base 7, what is -66 - 6?
-105
In base 3, what is -2 - 2022?
-2101
In base 3, what is 11 + 22020?
22101
In base 9, what is 243 - 4?
238
In base 5, what is -224404 + -3?
-224412
In base 6, what is 11 + -2?
5
In base 8, what is -2270 + 12?
-2256
In base 7, what is 251 - -203?
454
In base 12, what is -4531 + 2?
-452b
In base 8, what is -1210 + 1?
-1207
In base 4, what is 13123 + 1?
13130
In base 10, what is 5 - -30?
35
In base 5, what is -2 + -103?
-110
In base 5, what is 4 - -14?
23
In base 15, what is 1 - -23?
24
In base 16, what is 51 - -5?
56
In base 12, what is 3896 + -5?
3891
In base 4, what is 0 + 3310?
3310
In base 3, what is 2001 + 1101?
10102
In base 4, what is 33101 + -2?
33033
In base 2, what is 110 + 111?
1101
In base 15, what is -1bd6 - 0?
-1bd6
In base 14, what is 4 + -41?
-3b
In base 8, what is -12 + 1606?
1574
In base 9, what is -12 - 7?
-20
In base 15, what is 5 + -16c0?
-16ba
In base 4, what is 12 + -32?
-20
In base 8, what is 16125 - 4?
16121
In base 10, what is -2 + -677?
-679
In base 4, what is -1 - 12011?
-12012
In base 10, what is 0 + 1250?
1250
In base 11, what is 3704 + -2?
3702
In base 10, what is 0 + -49?
-49
In base 7, what is -6303 + -5?
-6311
In base 12, what is -88 + 1?
-87
In base 2, what is -10000010100 + 0?
-10000010100
In base 7, what is -1356 + 34?
-1322
In base 15, what is c2 + -5?
bc
In base 11, what is 1 - -39?
3a
In base 5, what is 3 - -3420?
3423
In base 15, what is d6 - 4?
d2
In base 12, what is 7 + a2?
a9
In base 4, what is 13 - 101332?
-101313
In base 4, what is -10 - -3332?
3322
In base 14, what is -11bc + -2?
-11c0
In base 5, what is -4330 + 2?
-4323
In base 16, what is -9 - 4?
-d
In base 7, what is -21 - 14?
-35
In base 8, what is -462 - -3?
-457
In base 7, what is 14 + 0?
14
In base 2, what is 1101 - -11100111101?
11101001010
In base 16, what is c + -142?
-136
In base 9, what is -6147 + 0?
-6147
In base 16, what is 77e + 0?
77e
In base 6, what is 0 - 1215?
-1215
In base 14, what is -2d3 + -1?
-2d4
In base 10, what is 9 + 658?
667
In base 9, what is 3780 + 1?
3781
In base 11, what is 573 + -3?
570
In base 11, what is 18 - 1?
17
In base 8, what is 271 - -4?
275
In base 7, what is 2 - -125?
130
In base 14, what is -4 - 674?
-678
In base 2, what is 100000 + 1?
100001
In base 4, what is -3 - 11?
-20
In base 8, what is -3505 + -10?
-3515
In base 3, what is -1100 - 11?
-1111
In base 10, what is 229 - -1?
230
In base 12, what is 4 + ab?
b3
In base 3, what is 11 + 1200001?
1200012
In base 11, what is 6 - 4?
2
In base 6, what is -2 + 2552?
2550
In base 10, what is -2 + 51?
49
In base 10, what is -5 - 5336?
-5341
In base 7, what is -1 + 64?
63
In base 6, what is -4 - 1150?
-1154
In base 16, what is 9db + 0?
9db
In base 6, what is 21 + 20?
41
In base 15, what is -57 + -3?
-5a
In base 8, what is 205 + -1?
204
In base 11, what is 3080 + 4?
3084
In base 2, what is 1000011000 - 111?
1000010001
In base 16, what is 43d + -3?
43a
In base 6, what is 2 - 12034?
-12032
In base 2, what is 101 + 1110101010?
1110101111
In base 3, what is -10 + 12?
2
In base 9, what is -5 - 812?
-817
In base 6, what is 3024 + -20?
3004
In base 4, what is -12 - 10023?
-10101
In base 7, what is 2 - 3436?
-3434
In base 5, what is 13223 + 10?
13233
In base 15, what is -2048 - -3?
-2045
In base 9, what is -388 + -7?
-406
In base 13, what is -c + -2?
-11
In base 6, what is 2 - 3404?
-3402
In base 11, what is -53 + 74?
21
In base 12, what is 147 - -5?
150
In base 7, what is -15 + 1?
-14
In base 7, what is 6265 - -4?
6302
In base 16, what is -5 + 33?
2e
In base 16, what is 0 + -2c0?
-2c0
In base 10, what is 7 - 1?
6
In base 10, what is -8818 - -4?
-8814
In base 3, what is -2021 - 12?
-2110
In base 4, what is 0 + 130?
130
In base 7, what is 3 + 566?
602
In base 9, what is -751 - -5?
-745
In base 8, what is -17753 + -5?
-17760
In base 9, what is 50 - 6?
43
In base 12, what is 6 + b3?
b9
In base 15, what is -38 - 2?
-3a
In base 10, what is 0 - 261?
-261
In base 15, what is -4 + -18b?
-190
In base 11, what is 64 - 3?
61
In base 6, what is -2 + 10150?
10144
In base 3, what is 200202 + -2?
200200
In base 14, what is -5 - 1297?
-129c
In base 8, what is 0 - -331?
331
In base 3, what is -12000 - -12?
-11211
In base 14, what is -9 + -7?
-12
In base 3, what is 12 + -2110?
-2021
In base 11, what is -322 - 4?
-326
In base 12, what is -82b - -5?
-826
In base 11, what is -42 - 8?
-4a
In base 8, what is -42 - 16?
-60
In base 11, what is 120 + -7?
114
In base 13, what is -c - -1cc9?
1cba
In base 6, what is 10 - 101?
-51
In base 2, what is 100 + 10010000110?
10010001010
In base 8, what is 2 - -160?
162
In base 12, what is -3 - -208a?
2087
In base 3, what is -10 + 20101?
20021
In base 15, what is -2a + 26?
-4
In base 3, what is -2 + -10010?
-10012
In base 9, what is 7 - -5?
13
In base 6, what is 2 + 143?
145
In base 3, what is 12 - 101100100?
-101100011
In base 4, what is 100003 + -3?
100000
In base 5, what is 1 + -3140?
-3134
In base 9, what is 628 - -2?
631
In base 12, what is -58 - 21?
-79
In base 7, what is -5 + -5?
-13
In base 14, what is 3d0 - -2?
3d2
In base 14, what is -2 - 4c?
-50
In base 9, what is 174 - -1?
175
In base 2, what is -1100 - -11?
-1001
In base 13, what is 151 + -7?
147
In base 4, what is 21 + -1101?
-1020
In base 11, what is 66 - 27?
3a
In base 3, what is -102 - -201021?
200212
In base 11, what is -1 + 150?
14a
In base 15, what is -287 - 5?
-28c
In base 10, what is 2960 + 1?
2961
In base 7, what is 2524 + 3?
2530
In base 14, what is 57 - 1d?
38
In base 16, what is 25 + 6?
2b
In base 2, what is -11000000010011 - 100?
-11000000010111
In base 12, what is -77 + 91?
16
In base 15, what is 2 - -4a3?
4a5
In base 7, what is -50 + -25?
-105
In base 6, what is 3241 + 0?
3241
In base 6, what is -2 + 131?
125
In base 13, what is -1144 - -1?
-1143
In base 11, what is 24 + -15?
a
In base 12, what is 58 - 57?
1
In base 12, what is -2419 + -2?
-241b
In base 11, what is -401 - 16?
-417
In base 14, what is -642 - -3?
-63d
In base 12, what is 5 + 199?
1a2
In base 11, what is -5938 + -1?
-5939
In base 13, what is 367 - -5?
36c
In base 6, what is 2 - -2112?
2114
In base 10, what is -149 + 27?
-122
In base 11, what is 3 + 1a?
22
In base 11, what is a01 + 4?
a05
In base 16, what is 1b83 + -3?
1b80
In base 15, what is -3 - -192?
18e
In base 14, what is 809 + 1?
80a
In base 7, what is -41 + -2030?
-2101
In base 5, what is -3220 + 2?
-3213
In base 13, what is 4 - -445?
449
In base 15, what is c - 69?
-5c
In base 10, what is -4 - -16?
12
In base 11, what is -8 + -83?
-90
In base 5, what is 1 - -30332?
30333
In base 11, what is 760 + 3?
763
In base 3, what is 12012 - 12?
12000
In base 13, what is -4 - -825?
821
In base 12, what is -2a - a5?
-113
In base 16, what is -28 + -a?
-32
In base 6, what is 0 - 50?
-50
In base 12, what is 35a - -1?
35b
In base 4, what is 103013 + -3?
103010
In base 11, what is 85 - -2?
87
In base 14, what is 68 - 73?
-9
In base 3, what is -2 + -12211001?
-12211010
In base 12, what is 10 - 14?
-4
In base 7, what is 11 - 114?
-103
In base 4, what is -1 + 112002?
112001
In base 3, what is 1000101 + -11?
1000020
In base 14, what is -66 - 8?
-70
In base 15, what is c + -11?
-4
In base 9, what is -1 + -712?
-713
In base 2, what is 101101 - 0?
101101
In base 10, what is 2 - -83?
85
In base 4, what is 2120 + 1?
2121
In base 5, what is 33 + -3004?
-2421
In base 5, what is 0 - 13?
-13
In base 3, what is -2 + -1100?
-1102
In base 13, what is 0 + 74?
74
In base 9, what is -218 - -2?
-216
In base 6, what is -22 + 123?
101
In base 14, what is -4 - -577?
573
In base 3, what is 2 + 2110?
2112
In base 9, what is 237 + 4?
242
In base 3, what is -201 + 11?
-120
In base 11, what is -1 + 38?
37
In base 13, what is -11 - -5?
-9
In base 16, what is 4 - -18c8?
18cc
In base 15, what is 73 + 2?
75
In base 11, what is 1 + 53?
54
In base 11, what is -5 + 5842?
5838
In base 4, what is 3031 - -31?
3122
In base 8, what is -721 - 61?
-1002
In base 14, what is -5 - -d?
8
In base 8, what is -52 - -3?
-47
In base 8, what is -26 - -25?
-1
In base 13, what is -807 - -2?
-805
In base 16, what is -b0 + 8?
-a8
In base 8, what is 10614 - 2?
10612
In base 14, what is 13c + 2?
140
In base 5, what is 3004 + 100?